{"id":3759,"date":"2017-04-24T13:08:11","date_gmt":"2017-04-24T18:08:11","guid":{"rendered":"http:\/\/mojomexico.company\/portal\/?page_id=3759"},"modified":"2017-04-24T13:08:11","modified_gmt":"2017-04-24T18:08:11","slug":"proteccion-de-datos-personales","status":"publish","type":"page","link":"https:\/\/mojomexico.company\/portal\/proteccion-de-datos-personales\/","title":{"rendered":"Protecci\u00f3n de Datos Personales"},"content":{"rendered":"<p><strong>T\u00e9rminos y Condiciones<\/strong><\/p>\n<p>El presente Aviso tiene por objeto la protecci\u00f3n de tus datos personales, mediante su tratamiento leg\u00edtimo, controlado e informado, a efecto de garantizar su privacidad, as\u00ed como tu derecho a la autodeterminaci\u00f3n informativa.<\/p>\n<p>Conforme al art\u00edculo 3, fracci\u00f3n V, de la Ley, se entiende por Datos Personales: Cualquier informaci\u00f3n concerniente a una persona f\u00edsica identificada o identificable.<\/p>\n<p>Mojom\u00e9xico tiene como objetivo mantener informados a sus socios\/as y ciberactivistas, y para tal efecto proporciona diversos servicios los cuales de manera enunciativa m\u00e1s no limitativa consisten en los siguientes: Comunicaci\u00f3n constante a trav\u00e9s de correo electr\u00f3nico, SMS, redes sociales sobre eventos, seguimiento de campa\u00f1as, recopilaci\u00f3n de datos con fines estad\u00edsticos, env\u00edo de newsletters, etc. Para proporcionarte dichos servicios es necesario tratar y en algunos casos, transferir algunos de tus datos personales.<\/p>\n<p>Al enviar v\u00eda correo electr\u00f3nico tus datos personales a Mojom\u00e9xico; y\/o cumplimentar cualquiera de las solicitudes en l\u00ednea que aparecen en la p\u00e1gina de internet de Mojo\u00e9xico; y\/o cumplimentar los formatos de asociaci\u00f3n para socios donadores; y\/o proporcionar tus datos a trav\u00e9s de las diversas hojas de firmas de apoyo a nuestras campa\u00f1as; y\/o al proporcionarlos v\u00eda telef\u00f3nica a los diferentes representantes de Mojom\u00e9xico, aceptas y autorizas a\u00a0 Mojom\u00e9xico utilizar y tratar de forma automatizada tus datos personales e informaci\u00f3n suministrados, los cuales formar\u00e1n parte de nuestra base de datos con la finalidad de usarlos en forma enunciativa, m\u00e1s no limitativa para: identificarte, ubicarte, comunicarte, contactarte, enviarte informaci\u00f3n, actualizar nuestra base de datos, obtener estad\u00edsticas, promocionar los servicios, programas, cursos y eventos de Mojo\u00e9xico.<\/p>\n<p>La temporalidad del manejo de tus Datos Personales ser\u00e1 indefinida a partir de la fecha en que nos los proporciones, pudiendo oponerte al manejo de los mismos en cualquier momento que lo consideres oportuno.<\/p>\n<p>Mojom\u00e9xico como responsable del tratamiento de tus datos personales, est\u00e1 obligada a cumplir con los principios de licitud, consentimiento, informaci\u00f3n, calidad, finalidad, lealtad, proporcionalidad y responsabilidad tutelados en la Ley; por tal motivo con fundamento en los art\u00edculos 13 y 14 de la Ley, Mojom\u00e9xico se compromete a guardar estricta confidencialidad de tus datos personales, as\u00ed como a mantener las medidas de seguridad administrativas, t\u00e9cnicas y f\u00edsicas que permitan protegerlos contra cualquier da\u00f1o, p\u00e9rdida, alteraci\u00f3n, acceso o tratamiento no autorizado.<\/p>\n<p>En t\u00e9rminos de lo establecido por el art\u00edculo 22 de la Ley, tienes derecho en cualquier momento a ejercer tus derechos de acceso, rectificaci\u00f3n, cancelaci\u00f3n y oposici\u00f3n al tratamiento de tus datos personales, mediante la solicitud v\u00eda correo electr\u00f3nico dirigido a info@mojomexico.com.mx . En cumplimiento al art\u00edculo 29 de la Ley, dicha solicitud deber\u00e1 contener los siguientes datos: a) Tu nombre y domicilio u otro medio para comunicarte la respuesta a tu solicitud; b) Los documentos que acrediten tu identidad o, en su caso, la representaci\u00f3n legal de la persona que realiza la solicitud a tu nombre; c) La descripci\u00f3n clara y precisa de los datos personales respecto de los que buscas ejercer alguno de los derechos mencionados en el p\u00e1rrafo anterior, y d) Cualquier otro elemento o documento que facilite la localizaci\u00f3n de tus datos personales. En caso de solicitar la rectificaci\u00f3n de datos personales, adicionalmente deber\u00e1s indicar las modificaciones a realizarse y aportar la documentaci\u00f3n que sustente tu petici\u00f3n. La respuesta a tu solicitud se te comunicar\u00e1 en un plazo de veinte d\u00edas h\u00e1biles, contados desde la fecha en que se recibi\u00f3, pudiendo ampliarse a veinte d\u00edas m\u00e1s en los casos que as\u00ed lo establezcan la Ley; a efecto de que de resultar procedente, se lleven a cabo las medidas adoptadas para cumplir con tu solicitud, mismas que se llevar\u00e1n a cabo dentro de los quince d\u00edas h\u00e1biles siguientes a la fecha en que se comunique la respuesta.<\/p>\n<p>2.- Mojomexico ocasionalmente modificar\u00e1 y corregir\u00e1 este Aviso de Privacidad, por lo tanto te pedimos que revises este aviso regularmente en \u00e9sta p\u00e1gina para que est\u00e9s enterado de los cambios y veas c\u00f3mo te pueden afectar.<\/p>\n<p>3.- Te sugerimos conocer y analizar el contenido de la Ley Federal de Protecci\u00f3n de Datos Personales en Posesi\u00f3n de los Particulares.<\/p>\n","protected":false},"excerpt":{"rendered":"<p>T\u00e9rminos y Condiciones El presente Aviso tiene por objeto la protecci\u00f3n de tus datos personales, mediante su tratamiento leg\u00edtimo, controlado e informado, a efecto de garantizar su privacidad, as\u00ed como tu derecho a la autodeterminaci\u00f3n informativa. Conforme al art\u00edculo 3, fracci\u00f3n V, de la Ley, se entiende por Datos Personales: Cualquier informaci\u00f3n concerniente a una [&hellip;]<\/p>\n","protected":false},"author":1,"featured_media":0,"parent":0,"menu_order":0,"comment_status":"closed","ping_status":"closed","template":"","meta":{"saved_in_kubio":false,"_seopress_robots_primary_cat":"","_seopress_titles_title":"","_seopress_titles_desc":"","_seopress_robots_index":"","spay_email":"","footnotes":""},"class_list":["post-3759","page","type-page","status-publish","hentry"],"kubio_ai_page_context":{"short_desc":"","purpose":"general"},"jetpack_shortlink":"https:\/\/wp.me\/P7THa5-YD","jetpack_sharing_enabled":true,"jetpack-related-posts":[],"_links":{"self":[{"href":"https:\/\/mojomexico.company\/portal\/wp-json\/wp\/v2\/pages\/3759","targetHints":{"allow":["GET"]}}],"collection":[{"href":"https:\/\/mojomexico.company\/portal\/wp-json\/wp\/v2\/pages"}],"about":[{"href":"https:\/\/mojomexico.company\/portal\/wp-json\/wp\/v2\/types\/page"}],"author":[{"embeddable":true,"href":"https:\/\/mojomexico.company\/portal\/wp-json\/wp\/v2\/users\/1"}],"replies":[{"embeddable":true,"href":"https:\/\/mojomexico.company\/portal\/wp-json\/wp\/v2\/comments?post=3759"}],"version-history":[{"count":1,"href":"https:\/\/mojomexico.company\/portal\/wp-json\/wp\/v2\/pages\/3759\/revisions"}],"predecessor-version":[{"id":3760,"href":"https:\/\/mojomexico.company\/portal\/wp-json\/wp\/v2\/pages\/3759\/revisions\/3760"}],"wp:attachment":[{"href":"https:\/\/mojomexico.company\/portal\/wp-json\/wp\/v2\/media?parent=3759"}],"curies":[{"name":"wp","href":"https:\/\/api.w.org\/{rel}","templated":true}]}}