{"id":2876,"date":"2014-04-30T18:17:57","date_gmt":"2014-04-30T23:17:57","guid":{"rendered":"http:\/\/mojomexico.com.mx\/web11\/wordpress\/?post_type=product&#038;p=2876"},"modified":"2022-06-23T01:13:47","modified_gmt":"2022-06-23T06:13:47","slug":"soporte-por-hora-joomla-segundo-nivel","status":"publish","type":"product","link":"https:\/\/mojomexico.company\/portal\/producto\/soporte-por-hora-joomla-segundo-nivel\/","title":{"rendered":"Soporte por hora Tiendaweb segundo nivel"},"content":{"rendered":"<p>Servicio de Soporte Segundo nivel por hora para tiendas Joomla, Prestashop, Woocommerce, Drupal, Zencart:<\/p>\n<p>incluye todo los procesos de plantillamiento, ajustes de portada, sincronizaci\u00f3n de medios de pago, certificados de Seguridad, emigraci\u00f3n de cat\u00e1logo \u00f3 emigraci\u00f3n \u00f3 cambio \u00a0de sistema Joomla a otro servidor.El servicio se estima en horas y podr\u00e1 cargar todas las horas de acuerdo a su presupuesto.<\/p>\n","protected":false},"excerpt":{"rendered":"<p>Servicio de soporte por hora Tiendasweb segundo nivel ( no incluye programaci\u00f3n ni correcci\u00f3n de programas de terceros)<\/p>\n","protected":false},"featured_media":3635,"template":"","meta":{"saved_in_kubio":false,"_seopress_robots_primary_cat":"","_seopress_titles_title":"","_seopress_titles_desc":"","_seopress_robots_index":"","spay_email":"","jetpack_publicize_message":""},"class_list":{"0":"post-2876","1":"product","2":"type-product","3":"status-publish","4":"has-post-thumbnail","6":"product_cat-soporte-tecnico-horas-de-programacion","7":"product_tag-servicio-segundo-nivel-joomla","9":"first","10":"instock","11":"virtual","12":"taxable","13":"purchasable","14":"product-type-simple"},"jetpack_publicize_connections":[],"jetpack_sharing_enabled":true,"jetpack-related-posts":[],"_links":{"self":[{"href":"https:\/\/mojomexico.company\/portal\/wp-json\/wp\/v2\/product\/2876","targetHints":{"allow":["GET"]}}],"collection":[{"href":"https:\/\/mojomexico.company\/portal\/wp-json\/wp\/v2\/product"}],"about":[{"href":"https:\/\/mojomexico.company\/portal\/wp-json\/wp\/v2\/types\/product"}],"wp:featuredmedia":[{"embeddable":true,"href":"https:\/\/mojomexico.company\/portal\/wp-json\/wp\/v2\/media\/3635"}],"wp:attachment":[{"href":"https:\/\/mojomexico.company\/portal\/wp-json\/wp\/v2\/media?parent=2876"}],"curies":[{"name":"wp","href":"https:\/\/api.w.org\/{rel}","templated":true}]}}