{"id":3164,"date":"2015-07-31T13:45:41","date_gmt":"2015-07-31T18:45:41","guid":{"rendered":"http:\/\/mojomexico.net\/portal\/producto\/taller-magento-plantillador\/"},"modified":"2025-03-03T06:33:23","modified_gmt":"2025-03-03T12:33:23","slug":"taller-magento-plantillador","status":"publish","type":"product","link":"https:\/\/mojomexico.company\/portal\/producto\/taller-magento-plantillador\/","title":{"rendered":"Curso Taller Magento Plantillador (SEO) Presencial"},"content":{"rendered":"<p>[symple_tabgroup]<br \/>\n[symple_tab title=\u00bbDESCRIPCION\u00bb]<\/p>\n<p>Dominar y conocer el concepto en Magento de Manejo de Layouts para que tu tienda se vea de Forma Profesional, creaci\u00f3n de Campa\u00f1as por temporada, por estilo, por lanzamiento de producto, mejorar el entorno SEO, crear Multi-tiendas para varas monedas, catalogos independientes, precios especiales para los mismos productos y todo sobre el tema.<\/p>\n<p>Layouts B\u00e1sicamente, son los que definen la estructura de las p\u00e1ginas de Magento, definiendo las posiciones de los elementos. As\u00ed tendremos ficheros de layout para la mayor\u00eda de p\u00e1ginas de Magento.<\/p>\n<p>&nbsp;<\/p>\n<p>El curso se imparte de FORMA PRESENCIAL las fecha estan \u00a0indicados nuestro calendario\u00a0 <a href=\"https:\/\/mojomexico.company\/portal\/producto\/taller-magento-plantillador\/\" target=\"_blank\" rel=\"noopener noreferrer\">www.mojomexico.mx<\/a><\/p>\n<p>REQUISITO INDISPENSABLE: dominar el nivel SuperAdmin Magento \u00f3 tener s\u00f3lidos conocimientos de Magento Admin.<\/p>\n<p>Para conocer TODO el temario y fechas disponibles, consulta nuestro portal de capacitaci\u00f3n www.mojomexico.mx<\/p>\n<p>[\/symple_tab]<br \/>\n[symple_tab title=\u00bbTEMARIO \u00ab]<\/p>\n<p>TEMARIO PLANTILLADOR MAGENTO:<\/p>\n<p>DURACION 14 HORAS<\/p>\n<h3>Descripci\u00f3n general de Magento<\/h3>\n<ul>\n<li>Una introducci\u00f3n a Magento<\/li>\n<li>Los beneficios de Magento<\/li>\n<li>Comprender los elementos b\u00e1sicos para Magento<\/li>\n<\/ul>\n<h3>Gesti\u00f3n de categor\u00edas<\/h3>\n<ul>\n<li>Agregar categor\u00edas de ra\u00edz<\/li>\n<li>Agregar subcategor\u00edas<\/li>\n<li>Gesti\u00f3n de categor\u00edas<\/li>\n<li>Trabajando con dise\u00f1o de p\u00e1gina<\/li>\n<\/ul>\n<h3>Gesti\u00f3n de atributos<\/h3>\n<ul>\n<li>\u00bfCu\u00e1les son los atributos del producto?<\/li>\n<li>Crear un atributo<\/li>\n<li>Crear un conjunto de atributos<\/li>\n<li>Asignar conjunto de atributos a productos<\/li>\n<li>Administrar conjuntos de atributos<\/li>\n<\/ul>\n<h3>Tienda de productos<\/h3>\n<ul>\n<li>Agregar un producto simple<\/li>\n<li>Agregar un producto configurable<\/li>\n<li>Agregar un producto agrupado<\/li>\n<li>Agregar productos a categor\u00edas<\/li>\n<\/ul>\n<p>Configuraci\u00f3n y gesti\u00f3n de inventario<\/p>\n<ul>\n<li>Configuraci\u00f3n de Inventario<\/li>\n<li>Gesti\u00f3n de inventarios de productos<\/li>\n<\/ul>\n<h3>Gesti\u00f3n de pedidos<\/h3>\n<ul>\n<li>Procesar una orden de compra<\/li>\n<li>Proceso de pago<\/li>\n<li>Opciones de env\u00edo y seguimiento de la entrega<\/li>\n<li>Seguimiento de pago y facturaci\u00f3n<\/li>\n<li>Gesti\u00f3n de valoraciones y revisi\u00f3n de clientes<\/li>\n<\/ul>\n<h3>Promociones de marketing<\/h3>\n<ul>\n<li>Reglas de precios del cat\u00e1logo de productos<\/li>\n<li>Reglas de precios del carrito de compras<\/li>\n<li>Boletines informativos y correos electr\u00f3nicos de promoci\u00f3n<\/li>\n<\/ul>\n<h3>Gesti\u00f3n de clientes<\/h3>\n<ul>\n<li>Administrar y agrupar clientes<\/li>\n<li>Administrar grupos de clientes<\/li>\n<\/ul>\n<h3>Informes<\/h3>\n<ul>\n<li>Tipos de informes<\/li>\n<li>Ejecuci\u00f3n y generaci\u00f3n de informes<\/li>\n<li>Refreshing Sales Report Statistics<\/li>\n<\/ul>\n<h3>Mejores pr\u00e1cticas de SEO<\/h3>\n<ul>\n<li>Introducci\u00f3n a los campos de metadatos<\/li>\n<li>Gesti\u00f3n de sitemaps<\/li>\n<li>Gesti\u00f3n de URL de cat\u00e1logo<\/li>\n<\/ul>\n<h3>Ejecuci\u00f3n y administraci\u00f3n de m\u00faltiples sitios web y tiendas<\/h3>\n<ul>\n<li>Soluciones para ejecutar y administrar m\u00faltiples sitios web y tiendas<\/li>\n<li>Las mejores pr\u00e1cticas para ejecutar y administrar m\u00faltiples sitios web y tienda<\/li>\n<\/ul>\n<p>Toda CALENDARIO lo puedes ver\u00a0 <a href=\"https:\/\/mojomexico.mx\" target=\"_blank\" rel=\"noopener noreferrer\">HACIENDO CLIC<\/a> en \u00e9sta liga (ahi podr\u00e1s revisar al curso de tu interes segun nuestro calendario de Eventos Mojomexico):<\/p>\n<p>[wp-rss-aggregator]<\/p>\n<p>[\/symple_tab]<br \/>\n[\/symple_tabgroup]<\/p>\n","protected":false},"excerpt":{"rendered":"<blockquote><p><a href=\"https:\/\/mojomexico.company\/portal\/?attachment_id=8210\" rel=\"attachment wp-att-8210\"><img alt=\"\" loading=\"lazy\" decoding=\"async\" class=\"wp-image-8210 alignleft\" src=\"https:\/\/mojomexico.company\/portal\/wp-content\/uploads\/2015\/07\/umm-mage1R.jpg\" alt=\"\" width=\"334\" height=\"272\" srcset=\"https:\/\/i1.wp.com\/mojomexico.company\/portal\/wp-content\/uploads\/2015\/07\/umm-mage1R.jpg?w=640&amp;ssl=1 640w, https:\/\/i1.wp.com\/mojomexico.company\/portal\/wp-content\/uploads\/2015\/07\/umm-mage1R.jpg?resize=300%2C244&amp;ssl=1 300w, https:\/\/i1.wp.com\/mojomexico.company\/portal\/wp-content\/uploads\/2015\/07\/umm-mage1R.jpg?resize=600%2C488&amp;ssl=1 600w, https:\/\/i1.wp.com\/mojomexico.company\/portal\/wp-content\/uploads\/2015\/07\/umm-mage1R.jpg?resize=500%2C406&amp;ssl=1 500w\" sizes=\"(max-width: 334px) 100vw, 334px\" \/><\/a>Articulo hecho a la medida:Taller Pantillador\u00a0Magento para Administradores Avanzados que desean dar el siguiente paso al dominio de Magento. El curso se imparte de FORMA PRESENCIAL , para conocer todo sobre este curso ver en el detalle de esta misma seccion. Al hacer el pago\u00a0 de e\u015bte producto el Cliente acepta sujetarse a todas las condiciones de venta y cancelaci\u00f3n de nuestro contrato Mojomexico (favor de revisar antes de pagar).<\/p>\n<p><a href=\"https:\/\/universidad.mojomexico.mx\/\" rel=\"attachment wp-att-8208\"><img alt=\"\" loading=\"lazy\" decoding=\"async\" class=\"aligncenter size-full wp-image-8208\" src=\"https:\/\/mojomexico.company\/portal\/wp-content\/uploads\/2025\/03\/baner-puzzle500L1.jpg\" alt=\"\" width=\"1100\" height=\"460\" srcset=\"https:\/\/i0.wp.com\/mojomexico.company\/portal\/wp-content\/uploads\/2025\/03\/baner-puzzle500L1.jpg?w=1100&amp;ssl=1 1100w, https:\/\/i0.wp.com\/mojomexico.company\/portal\/wp-content\/uploads\/2025\/03\/baner-puzzle500L1.jpg?resize=300%2C125&amp;ssl=1 300w, https:\/\/i0.wp.com\/mojomexico.company\/portal\/wp-content\/uploads\/2025\/03\/baner-puzzle500L1.jpg?resize=1024%2C428&amp;ssl=1 1024w, https:\/\/i0.wp.com\/mojomexico.company\/portal\/wp-content\/uploads\/2025\/03\/baner-puzzle500L1.jpg?resize=768%2C321&amp;ssl=1 768w, https:\/\/i0.wp.com\/mojomexico.company\/portal\/wp-content\/uploads\/2025\/03\/baner-puzzle500L1.jpg?resize=600%2C251&amp;ssl=1 600w, https:\/\/i0.wp.com\/mojomexico.company\/portal\/wp-content\/uploads\/2025\/03\/baner-puzzle500L1.jpg?resize=500%2C209&amp;ssl=1 500w\" sizes=\"(max-width: 1100px) 100vw, 1100px\" \/><\/a><\/p><\/blockquote>\n","protected":false},"featured_media":8210,"template":"","meta":{"saved_in_kubio":false,"_seopress_robots_primary_cat":"none","_seopress_titles_title":"","_seopress_titles_desc":"","_seopress_robots_index":"","spay_email":"","jetpack_publicize_message":""},"class_list":{"0":"post-3164","1":"product","2":"type-product","3":"status-publish","4":"has-post-thumbnail","6":"product_cat-magento-ce","7":"product_cat-universidad-mojomexico","8":"product_tag-capacitacion-magento-mojomexico","9":"product_tag-plantillador-magento","10":"product_tag-taller-magento","11":"product_tag-universidad-mojomexico","13":"first","14":"instock","15":"sale","16":"virtual","17":"purchasable","18":"product-type-simple"},"jetpack_publicize_connections":[],"jetpack_sharing_enabled":true,"jetpack-related-posts":[],"_links":{"self":[{"href":"https:\/\/mojomexico.company\/portal\/wp-json\/wp\/v2\/product\/3164","targetHints":{"allow":["GET"]}}],"collection":[{"href":"https:\/\/mojomexico.company\/portal\/wp-json\/wp\/v2\/product"}],"about":[{"href":"https:\/\/mojomexico.company\/portal\/wp-json\/wp\/v2\/types\/product"}],"wp:featuredmedia":[{"embeddable":true,"href":"https:\/\/mojomexico.company\/portal\/wp-json\/wp\/v2\/media\/8210"}],"wp:attachment":[{"href":"https:\/\/mojomexico.company\/portal\/wp-json\/wp\/v2\/media?parent=3164"}],"curies":[{"name":"wp","href":"https:\/\/api.w.org\/{rel}","templated":true}]}}