{"id":3279,"date":"2020-08-31T15:18:35","date_gmt":"2020-08-31T20:18:35","guid":{"rendered":"http:\/\/mojomexico.net\/portal\/producto\/plugin-banorte-cyberpay3dpw2-magento\/"},"modified":"2024-02-22T18:18:19","modified_gmt":"2024-02-22T23:18:19","slug":"banorte-cyber3d-magento-cloud","status":"publish","type":"product","link":"https:\/\/mojomexico.company\/portal\/producto\/banorte-cyber3d-magento-cloud\/","title":{"rendered":"Pasarela de Pago Banorte Cyber3DPLUS  magentoCE Cloud"},"content":{"rendered":"<p>&nbsp;<\/p>\n<p><a href=\"https:\/\/mojomexico.company\/portal\/?attachment_id=7656\" rel=\"attachment wp-att-7656\"><img alt=\"\" loading=\"lazy\" decoding=\"async\" data-attachment-id=\"7656\" data-permalink=\"https:\/\/mojomexico.company\/portal\/?attachment_id=7656\" data-orig-file=\"https:\/\/i2.wp.com\/mojomexico.company\/portal\/wp-content\/uploads\/2021\/05\/caja-banorte23-cyber.png?fit=369%2C395&amp;ssl=1\" data-orig-size=\"369,395\" data-comments-opened=\"1\" data-image-meta=\"{&quot;aperture&quot;:&quot;0&quot;,&quot;credit&quot;:&quot;&quot;,&quot;camera&quot;:&quot;&quot;,&quot;caption&quot;:&quot;&quot;,&quot;created_timestamp&quot;:&quot;0&quot;,&quot;copyright&quot;:&quot;&quot;,&quot;focal_length&quot;:&quot;0&quot;,&quot;iso&quot;:&quot;0&quot;,&quot;shutter_speed&quot;:&quot;0&quot;,&quot;title&quot;:&quot;&quot;,&quot;orientation&quot;:&quot;0&quot;}\" data-image-title=\"caja-banorte23-cyber\" data-image-description=\"\" data-medium-file=\"https:\/\/i2.wp.com\/mojomexico.company\/portal\/wp-content\/uploads\/2021\/05\/caja-banorte23-cyber.png?fit=280%2C300&amp;ssl=1\" data-large-file=\"https:\/\/i2.wp.com\/mojomexico.company\/portal\/wp-content\/uploads\/2021\/05\/caja-banorte23-cyber.png?fit=369%2C395&amp;ssl=1\" class=\"alignleft size-medium wp-image-7656\" src=\"https:\/\/i2.wp.com\/mojomexico.company\/portal\/wp-content\/uploads\/2021\/05\/caja-banorte23-cyber.png?resize=280%2C300&#038;ssl=1\" alt=\"\" width=\"280\" height=\"300\" srcset=\"https:\/\/i2.wp.com\/mojomexico.company\/portal\/wp-content\/uploads\/2021\/05\/caja-banorte23-cyber.png?resize=280%2C300&amp;ssl=1 280w, https:\/\/i2.wp.com\/mojomexico.company\/portal\/wp-content\/uploads\/2021\/05\/caja-banorte23-cyber.png?w=369&amp;ssl=1 369w\" sizes=\"(max-width: 280px) 100vw, 280px\" data-recalc-dims=\"1\" \/><\/a>Extensi\u00f3n\u00a0de pagos BANORTE la versi\u00f3n Magento CE desde 1.7.x,a 1.9.x\u00a0 totalmente integrada al\u00a0c\u00f3digo\u00a0original de Magento \u00a0en Backoffice y FrontOffice para recibir tarjetas de cr\u00e9dito y d\u00e9bito y procesar el pago directamente a su cuenta bancaria, todo esto de forma integral e Interno en la tienda , bajo altas normas de seguridad que marcan las instituciones bancarias.<\/p>\n<p>Al comprar nuestro producto, \u00e9sto le d\u00e1 derecho al USO exclusivo de nuestro software como licencia para ser instalado por nuestro personal calificado en su \u00a0tienda \u00f3 tiendas Magento\/dominio, nosotros nos hacemos cargo de la instalaci\u00f3n y configuraci\u00f3n via remota en la tienda, al 100%.<\/p>\n<p>En caso de que su Theme actual est\u00e9 aplicando IWD Onestep Checkout \u00f3 alguna plantilla especial ( no la forma tradicional de Magento ) deber\u00e1 considerar adicionar al costo del producto el servicio de ajuste aqui mismo listado.<\/p>\n<p>&nbsp;<\/p>\n<p><a href=\"https:\/\/open.spotify.com\/episode\/1nN6BHqV6VcQvrALGdaxXI?si=Atdxgc6oT1uFQ1-uRLBIFQ\" target=\"_blank\" rel=\"noopener noreferrer\"><span style=\"color: #ff0000;\">ENTERATE DE COMO FUNCIONA ESTA CONEXION\u00a0 BANORTE<\/span><\/a><span style=\"color: #ff0000;\"> EN TU TIENDA Y LA RAZON POR LA QUE DEBES ADQUIRIR LA MARCA MOJOMEXICO, OTRAS MARCAS NO SABEN O NO INCLUYEN LAS VERSIONES AUTORIZADAS POR BANORTE MEXICO.<\/span><\/p>\n<p><b><img loading=\"lazy\" decoding=\"async\" data-attachment-id=\"3516\" data-permalink=\"https:\/\/mojomexico.company\/portal\/?attachment_id=3516\" data-orig-file=\"https:\/\/i1.wp.com\/mojomexico.company\/portal\/wp-content\/uploads\/2016\/11\/sello-12.png?fit=400%2C270&amp;ssl=1\" data-orig-size=\"400,270\" data-comments-opened=\"1\" data-image-meta=\"{&quot;aperture&quot;:&quot;0&quot;,&quot;credit&quot;:&quot;&quot;,&quot;camera&quot;:&quot;&quot;,&quot;caption&quot;:&quot;&quot;,&quot;created_timestamp&quot;:&quot;0&quot;,&quot;copyright&quot;:&quot;&quot;,&quot;focal_length&quot;:&quot;0&quot;,&quot;iso&quot;:&quot;0&quot;,&quot;shutter_speed&quot;:&quot;0&quot;,&quot;title&quot;:&quot;&quot;,&quot;orientation&quot;:&quot;0&quot;}\" data-image-title=\"calidad mojomexico\" data-image-description=\"\" data-medium-file=\"https:\/\/i1.wp.com\/mojomexico.company\/portal\/wp-content\/uploads\/2016\/11\/sello-12.png?fit=300%2C203&amp;ssl=1\" data-large-file=\"https:\/\/i1.wp.com\/mojomexico.company\/portal\/wp-content\/uploads\/2016\/11\/sello-12.png?fit=400%2C270&amp;ssl=1\" class=\"alignleft wp-image-3516\" src=\"https:\/\/i1.wp.com\/mojomexico.company\/portal\/wp-content\/uploads\/2016\/11\/sello-12.png?resize=284%2C192&#038;ssl=1\" alt=\"calidad mojomexico\" width=\"284\" height=\"192\" data-wp-pid=\"3516\" srcset=\"https:\/\/i1.wp.com\/mojomexico.company\/portal\/wp-content\/uploads\/2016\/11\/sello-12.png?w=400&amp;ssl=1 400w, https:\/\/i1.wp.com\/mojomexico.company\/portal\/wp-content\/uploads\/2016\/11\/sello-12.png?resize=300%2C203&amp;ssl=1 300w, https:\/\/i1.wp.com\/mojomexico.company\/portal\/wp-content\/uploads\/2016\/11\/sello-12.png?resize=220%2C149&amp;ssl=1 220w\" sizes=\"(max-width: 284px) 100vw, 284px\" data-recalc-dims=\"1\" \/>Que estoy comprando?<\/b><\/p>\n<p>Al comprar nuestro producto, estas adquiriendo el derecho de uso de nuestro producto por dominio (puedes adquirir varias licencias si manejas multitiendas) solo para el dominio \u00f3 dominios que registras en tu compra.Solo se entregan programas compilados sin opci\u00f3n a modificar m\u00e1s que por el personal calificado de Mojomexico y solo podr\u00e1 ser usado para el dominio-tienda registrado.<\/p>\n<p>Solo se entregan programas compilados sin opci\u00f3n a modificar m\u00e1s que por el personal calificado de Mojomexico y solo podr\u00e1 ser usado para el dominio-tienda registrado. El descuento en multitiendas es del 35% de la segunda hasta 99 licencias.<\/p>\n<p><strong>Con \u00e9sta pasarela \u00a0puedo aceptar pagos con tarjetas Visa y Mastercard de \u00a0otros Bancos \u00f3 de cualquier Banco del Mundo?<\/strong><\/p>\n<p>SI, con una pasarela puedes aceptar TODAS las tarjetas Visa y Mastercard nacionales e internacionales, de cualquier pa\u00eds. Regularmente todas las compras que se realicen en tu tienda en otras monedas distintas a PESOS, ser\u00e1n convertidas a pesos, a menos que \u00e9ste arreglo lo fijes con tu banco.<\/p>\n<p><strong>Puedo aceptar American Express?<\/strong><\/p>\n<p>Esto es un Modulo extra que pueden adquirir con precio especial en este mismo catalogo.<\/p>\n<p>Puedo manejar pagos de 3,6,9,12 y 18 meses con y sin intereses en esta pasarela de pago?<\/p>\n<p>Es necesario que carguen en su compra los \u00a0 EL MODULO PLAN CON \/ SIN interes para completar su orden.<\/p>\n<p><strong>Puedo Vender EN DOLARES (o moneda extranjera) y con mi Banco recibir Pesos ?<\/strong><\/p>\n<p>Por las disposiciones bancarias en Mexico, las reglas sobre aceptar Dolares en cuentas bancarias est\u00e1 restringido debes consultarlo con tu banco; pero puedes adicionar a tu compra el producto CONVERSION DLS A PESOS que te permite vender en moneda extranejera pero el proceso interno con tu tienda y banco es en pesos, finalmente tu cliente extranjero NO percibe \u00e9sta cambio.<\/p>\n<p><strong>Qu\u00e9 es \u00f3 como funciona LA CERTIFICACION BANORTE y porque debo pagarla ?<\/strong><\/p>\n<p>La certificaci\u00f3n BANORTE es el paso de revisi\u00f3n y Certificaci\u00f3n que Banorte hace a la tienda mediante pruebas de Compra REALES y ellos solicitan ajustes y cambios t\u00e9cnicos en el momento por eso es necesario la asistencia REMOTA-VIA-SKYPE de nuestro personal t\u00e9cnico, \u00e9sto es la raz\u00f3n del pago extra.<\/p>\n<p>&nbsp;<\/p>\n<p><b>Tengo que pagar anualidades \u00f3 comisiones por usar su producto?<\/b><\/p>\n<p>No, Nuestro producto no requiere anualidades ni comisiones por venta realizada, tu solo compras el producto y lo tienes de por vida para el dominio que destinaste.<\/p>\n<p><b>C\u00f3mo es el proceso de instalaci\u00f3n?<\/b><\/p>\n<p>Nosotros te incluimos en el precio, la instalaci\u00f3n y sincronizaci\u00f3n al 100% via Remota (tu tienda tiene que estar en la nube internet), t\u00fa solo te preocupas en hacer la compra y nosotros nos encargamos de la instalaci\u00f3n, en donde se programa y se fija una vez consolidado tu pago, en un periodo m\u00e1ximo de 3 a 7 dias (puede variar por efectos extras).<\/p>\n<p><b>Que garant\u00eda tengo?<\/b><\/p>\n<p>Nosotros te estamos ofreciendo UN A\u00d1O de garant\u00eda y soporte gr\u00e1tis por cualquier falla propia de nuestro producto, pero si la falla es ajena a nuestro c\u00f3digo, ning\u00fan evento est\u00e1 protegido, a menos que quieras adquirir nuestra p\u00f3liza de soporte y protecci\u00f3n para tu sistema.<\/p>\n<p><b>C\u00f3mo puedo ordenar este producto ahora?<\/b><\/p>\n<p>carga el producto a tu carrito de compra y haz tu cierre de compra. En tu compra te expedimos la FACTURA FISCAL 100% deducible por el SAT Mexicano.<\/p>\n<p>Despu\u00e9s de recibir el pago: Nuestro equipo de Contabilidad verifica y genera un TICKET ESPECIAL DE SERVICIO que te va a llegar en autom\u00e1tico al mail que nos indicas en tu orden, ahi se anexan las INSTRUCCIONES completas del proceso antes y despues de nuestra intervenci\u00f3n, es importante esperar \u00e9ste ticket y evitar enviar cualquier llave o clave de acceso antes de recibirlo y siempre deber\u00e1 ser por medio de nuestro sistema de ticket para preservar la seguridad y evitar violaciones de seguridad de su tienda web.<\/p>\n<p>&nbsp;<\/p>\n<p><code>En el BOTON VIDEO que se presenta aqui puedes revisar EL DEMO REAL (Tiendas Reales de nuestros Clientes) de \u00e9ste y otros conectores para comprobar que nuestros conectores SI funcionan correctamente. Ahi mismo podr\u00e1s ver tiendas LAB que hemos creado en donde se incluyen mas demos, aunque son 180 conectores creados ahora, estamos trabajando para incluirlos todos.<br \/>\n<\/code><\/p>\n<p>&nbsp;<\/p>\n<p>USTED (DUE\u00d1O DE LA TIENDA) DEBE gestionar su CONTRATO de TPV-Internet con el Banco de su elecci\u00f3n (puede ser Bancomer, Banamex, Banorte,American Express, Prosa, BOD Venezuela, etc) , DIRECTO CON EL BANCO, Mojomexico NO brinda ningun servicio de gesti\u00f3n ni tiene conocimiento sobre comisiones, cuotas y detalles ya que cada uno de los Bancos establecen las condiciones segun el Cuentahabiente.<\/p>\n<p>Para gestionar su contrato nuestra mejor recomendaci\u00f3n es hacer una llamada directa la l\u00ednea de \u201cAtenci\u00f3n Negocios Comercios de cada Banco \u201d o usar los medios Internet disponibles \u00f3 acudir a su sucursal y con su ejecutivo contratar \u00e9ste servicio TPVI. El Banco le enviar\u00e1 las intrucciones necesarias y le asignar\u00e1 un ID, USER Y PASSWD mismo que nosotros vamos a aplicar a su MODULO para configurar su PASARELA BANCARIA MOJOMEXICO del banco que usted escoja.<\/p>\n<p>ES IMPORTANTE QUE INSTALE UN CERTIFICADO SSL EN SU DOMINIO PARA ESTE TIPO DE DE CONEXION: es necesario que se instale el certificado SSL sobre el dominio-tienda a instalar, es un requisito de los bancos y sirve como un candado de seguridad del comercio. Ustedes pueden contratar esto directo con su proveedor hosting \u00f3 con nosotros.<br \/>\nLAS 10 VENTAJAS MAS IMPORTANTES de Nuestros conectores BANCARIOS sobre \u00ablos otros\u00bb medios de pago en tiendas web Profesionales:<\/p>\n<p>Las ventajas de nuestras Pasarelas Bancarias sobre otros son muchas, aqui te listo las m\u00e1s importantes, \u00e9sto puede que hacer el cambio que est\u00e1s buscando y tengas el control que en otros medios no te ofrecen:<br \/>\nLa Primera .-<\/p>\n<p>Cada vez que tus Clientes pagan con tarjeta de cr\u00e9dito \u00f3 d\u00e9bito, en autom\u00e1tico t\u00fa dinero se deposita directo a tu Cuenta de Cheques Personal, ya no tienes que esperar dias \u00f3 semanas a que un tercero te deposite, T\u00fa dispones de tu dinero en minutos;<br \/>\nLa segunda:<\/p>\n<p>tu dinero ingresa en tu moneda local por lo que ya no pierdes en el cambio dolar\/peso, en otros medios extranjeros te ap\u013aican \u00abTipo de cambio Dolar-Peso Preferencial\u00bb<br \/>\nLa tercera:<\/p>\n<p>Los clientes tienen m\u00e1s confianza al pagar en medios Bancarios conocidos en tu Pais por el respaldo que \u00e9stos les brindan qu\u00e9 el cualquier medio extranjero desconocido;<br \/>\nLa cuarta.-<\/p>\n<p>Cada vez que recibes un Pago, en autom\u00e1tico te notificamos a tu telefono Celular, movil, tablet, dispositivo Internet notificandote \u00abEn este momento haz recibido el Pago de la Orden tal ..Por el Banco..\u00bb<br \/>\nLa quinta.-<\/p>\n<p>Nuestras extensiones se instalan f\u00e1cilmente en tu tienda de forma Natural, y se AutoConfiguran en la zona Backadmin de tu tienda, t\u00fa tienes el control de tu tienda;<br \/>\nLa sexta.-<\/p>\n<p>Puedes personalizar libremente el logo, colores y mensajes de correo asi tendr\u00e1s el impacto y tus clientes se motivan a cerrar m\u00e1s ventas;<br \/>\nLa septima.-<\/p>\n<p>Podemos desarrollar cualquier conector de cualquier Banco de cualquier Pa\u00eds sin costo adicional, s\u00f3lo p\u00eddelo aqui;<br \/>\nLa octava .-<\/p>\n<p>Nuestros conectores NO cobran Anualidades ni comisiones ocultas, tu lo compras UNA vez y lo tienes de por vida en tu tienda-dominio que registras;<br \/>\nLa Novena .-<\/p>\n<p>Cuentas con SOPORTE TECNICO TICKET todo un a\u00f1o SIN COSTO, resolvemos cualquier problema de nuestro conector en la tienda (no cubre eventos provocados*);<br \/>\nLa Decima .-<\/p>\n<p>Compromiso de Calidad: la Instalaci\u00f3n y Sincronizaci\u00f3n Bancaria la hacemos nosotros SIN COSTO en tu tienda y hacemos que siempre LA CERTIFIQUE EL BANCO para tu seguridad y las de tus compradores; y como PLUS que Nadie ofrece: Factura Fiscal en tu compra 100% Deducible en tu pa\u00eds.<\/p>\n<p>&nbsp;<\/p>\n","protected":false},"excerpt":{"rendered":"<blockquote><p><span class=\"Apple-style-span\"><a href=\"https:\/\/mojomexico.company\/portal\/?attachment_id=7656\" rel=\"attachment wp-att-7656\"><img alt=\"\" loading=\"lazy\" decoding=\"async\" class=\"alignleft size-medium wp-image-7656\" src=\"https:\/\/mojomexico.company\/portal\/wp-content\/uploads\/2021\/05\/caja-banorte23-cyber-280x300.png\" alt=\"\" width=\"280\" height=\"300\" srcset=\"https:\/\/i2.wp.com\/mojomexico.company\/portal\/wp-content\/uploads\/2021\/05\/caja-banorte23-cyber.png?resize=280%2C300&amp;ssl=1 280w, https:\/\/i2.wp.com\/mojomexico.company\/portal\/wp-content\/uploads\/2021\/05\/caja-banorte23-cyber.png?w=369&amp;ssl=1 369w\" sizes=\"(max-width: 280px) 100vw, 280px\" \/><\/a>Producto hecho a la medida, Pasarela de Pago Banorte con Seguridad Cybersource , 3D para MagentoCE, en el precio incluye nuestro servicio especializado de instalaci\u00f3n y sincronizaci\u00f3n bancaria. Al hacer el pago\u00a0 de e\u015bte producto el Cliente acepta sujetarse a todas las condiciones de venta y cancelaci\u00f3n de nuestro contrato Mojomexico (favor de revisar antes de pagar)<\/span><\/p>\n<p>Siempre contaras con una GUIA DE CONFIGURACION EN ESPA\u00d1OL para que tu auto-instales este conector , pero si requieres de apoyo tcnico, podras contratar extra al precio.<\/p><\/blockquote>\n<h5><a href=\"https:\/\/open.spotify.com\/episode\/1nN6BHqV6VcQvrALGdaxXI?si=Atdxgc6oT1uFQ1-uRLBIFQ\" target=\"_blank\" rel=\"noopener noreferrer\"><span style=\"color: #ff0000;\">ENTERATE DE COMO FUNCIONA ESTA CONEXION\u00a0 BANORTE<\/span><\/a><span style=\"color: #ff0000;\"> EN TU TIENDA Y LA RAZON POR LA QUE DEBES ADQUIRIR LA MARCA MOJOMEXICO, OTRAS MARCAS NO SABEN O NO INCLUYEN LAS VERSIONES AUTORIZADAS POR BANORTE MEXICO.<\/span><\/h5>\n<blockquote><p>&nbsp;<\/p><\/blockquote>\n","protected":false},"featured_media":7656,"template":"","meta":{"saved_in_kubio":false,"_seopress_robots_primary_cat":"","_seopress_titles_title":"","_seopress_titles_desc":"","_seopress_robots_index":"","spay_email":"","jetpack_publicize_message":""},"class_list":{"0":"post-3279","1":"product","2":"type-product","3":"status-publish","4":"has-post-thumbnail","6":"product_cat-banorte-magento","7":"product_cat-conexion-bancos-mg","8":"product_cat-magento-ce","9":"product_tag-cyberpay-banorte","10":"product_tag-cybersource-banorte","11":"product_tag-pasarela-banorte-magento","12":"product_tag-plugin-banorte-magento","13":"product_tag-plugin-banorte-mojomexico","14":"product_shipping_class-s-remoto","16":"first","17":"instock","18":"virtual","19":"taxable","20":"purchasable","21":"product-type-simple"},"jetpack_publicize_connections":[],"jetpack_sharing_enabled":true,"jetpack-related-posts":[],"_links":{"self":[{"href":"https:\/\/mojomexico.company\/portal\/wp-json\/wp\/v2\/product\/3279","targetHints":{"allow":["GET"]}}],"collection":[{"href":"https:\/\/mojomexico.company\/portal\/wp-json\/wp\/v2\/product"}],"about":[{"href":"https:\/\/mojomexico.company\/portal\/wp-json\/wp\/v2\/types\/product"}],"wp:featuredmedia":[{"embeddable":true,"href":"https:\/\/mojomexico.company\/portal\/wp-json\/wp\/v2\/media\/7656"}],"wp:attachment":[{"href":"https:\/\/mojomexico.company\/portal\/wp-json\/wp\/v2\/media?parent=3279"}],"curies":[{"name":"wp","href":"https:\/\/api.w.org\/{rel}","templated":true}]}}