{"id":3320,"date":"2015-11-24T15:08:39","date_gmt":"2015-11-24T20:08:39","guid":{"rendered":"http:\/\/mojomexico.net\/portal\/?post_type=product&#038;p=3320"},"modified":"2018-10-22T02:40:23","modified_gmt":"2018-10-22T07:40:23","slug":"servicio-diagnostico-tecnico-prestashop","status":"publish","type":"product","link":"https:\/\/mojomexico.company\/portal\/producto\/servicio-diagnostico-tecnico-prestashop\/","title":{"rendered":"Servicio Diagnostico Tecnico Prestashop"},"content":{"rendered":"<p>Servicio de Diagnostico T\u00e8cnico para detectar las posibles causas de falla en tiendas Prestashop, con este servicio usted puede conocer las causas t\u00e8cnicas \u00a0de su tienda, las fallas , bloqueos, plugins maliciosos,etc y la Soluci\u00f3n de algunos conflictos BASICOS\u00a0 para prevenir una posible falla mayor. Este servicio \u00a0no incluye ningun evento de soluci\u00f2n t\u00e8cnica mayor (llamado tercer nivel que es: corregir c\u00f3digo prestashop \u00f3 m\u00f3dulos de terceros).<\/p>\n","protected":false},"excerpt":{"rendered":"<blockquote><p>Servicio de Diagnostico T\u00e8cnico para detectar las posibles causas de falla en tiendas Prestashop, con este servicio usted puede conocer las causas t\u00e8cnicas \u00a0de su tienda, las fallas , bloqueos, plugins maliciosos,etc<\/p><\/blockquote>\n","protected":false},"featured_media":3439,"template":"","meta":{"saved_in_kubio":false,"_seopress_robots_primary_cat":"","_seopress_titles_title":"","_seopress_titles_desc":"","_seopress_robots_index":"","spay_email":"","jetpack_publicize_message":""},"class_list":{"0":"post-3320","1":"product","2":"type-product","3":"status-publish","4":"has-post-thumbnail","6":"product_cat-soporte-tecnico-horas-de-programacion","7":"product_tag-soporte-tecnico-prestashop","9":"first","10":"instock","11":"virtual","12":"taxable","13":"purchasable","14":"product-type-simple"},"jetpack_publicize_connections":[],"jetpack_sharing_enabled":true,"jetpack-related-posts":[],"_links":{"self":[{"href":"https:\/\/mojomexico.company\/portal\/wp-json\/wp\/v2\/product\/3320","targetHints":{"allow":["GET"]}}],"collection":[{"href":"https:\/\/mojomexico.company\/portal\/wp-json\/wp\/v2\/product"}],"about":[{"href":"https:\/\/mojomexico.company\/portal\/wp-json\/wp\/v2\/types\/product"}],"wp:featuredmedia":[{"embeddable":true,"href":"https:\/\/mojomexico.company\/portal\/wp-json\/wp\/v2\/media\/3439"}],"wp:attachment":[{"href":"https:\/\/mojomexico.company\/portal\/wp-json\/wp\/v2\/media?parent=3320"}],"curies":[{"name":"wp","href":"https:\/\/api.w.org\/{rel}","templated":true}]}}