{"id":3718,"date":"2017-02-21T04:11:19","date_gmt":"2017-02-21T09:11:19","guid":{"rendered":"http:\/\/mojomexico.company\/portal\/producto\/curso-programacion-shellperlawk-en-sistemas-ibm-aix\/"},"modified":"2025-03-03T06:42:59","modified_gmt":"2025-03-03T12:42:59","slug":"curso-programacion-shellperlawk-en-sistemas-ibm-aix","status":"publish","type":"product","link":"https:\/\/mojomexico.company\/portal\/producto\/curso-programacion-shellperlawk-en-sistemas-ibm-aix\/","title":{"rendered":"Curso Programaci\u00f3n SHELL\/AWK en Unix"},"content":{"rendered":"<p><a href=\"https:\/\/mojomexico.company\/portal\/?attachment_id=8213\" rel=\"attachment wp-att-8213\"><img alt=\"\" loading=\"lazy\" decoding=\"async\" data-attachment-id=\"8213\" data-permalink=\"https:\/\/mojomexico.company\/portal\/?attachment_id=8213\" data-orig-file=\"https:\/\/i2.wp.com\/mojomexico.company\/portal\/wp-content\/uploads\/2017\/02\/umm-unix3R.jpg?fit=640%2C520&amp;ssl=1\" data-orig-size=\"640,520\" data-comments-opened=\"1\" data-image-meta=\"{&quot;aperture&quot;:&quot;0&quot;,&quot;credit&quot;:&quot;&quot;,&quot;camera&quot;:&quot;&quot;,&quot;caption&quot;:&quot;&quot;,&quot;created_timestamp&quot;:&quot;0&quot;,&quot;copyright&quot;:&quot;&quot;,&quot;focal_length&quot;:&quot;0&quot;,&quot;iso&quot;:&quot;0&quot;,&quot;shutter_speed&quot;:&quot;0&quot;,&quot;title&quot;:&quot;&quot;,&quot;orientation&quot;:&quot;1&quot;}\" data-image-title=\"umm-unix3R\" data-image-description=\"\" data-medium-file=\"https:\/\/i2.wp.com\/mojomexico.company\/portal\/wp-content\/uploads\/2017\/02\/umm-unix3R.jpg?fit=300%2C244&amp;ssl=1\" data-large-file=\"https:\/\/i2.wp.com\/mojomexico.company\/portal\/wp-content\/uploads\/2017\/02\/umm-unix3R.jpg?fit=640%2C520&amp;ssl=1\" class=\" wp-image-8213 alignleft\" src=\"https:\/\/i2.wp.com\/mojomexico.company\/portal\/wp-content\/uploads\/2017\/02\/umm-unix3R.jpg?resize=235%2C191&#038;ssl=1\" alt=\"\" width=\"235\" height=\"191\" srcset=\"https:\/\/i2.wp.com\/mojomexico.company\/portal\/wp-content\/uploads\/2017\/02\/umm-unix3R.jpg?w=640&amp;ssl=1 640w, https:\/\/i2.wp.com\/mojomexico.company\/portal\/wp-content\/uploads\/2017\/02\/umm-unix3R.jpg?resize=300%2C244&amp;ssl=1 300w, https:\/\/i2.wp.com\/mojomexico.company\/portal\/wp-content\/uploads\/2017\/02\/umm-unix3R.jpg?resize=600%2C488&amp;ssl=1 600w, https:\/\/i2.wp.com\/mojomexico.company\/portal\/wp-content\/uploads\/2017\/02\/umm-unix3R.jpg?resize=500%2C406&amp;ssl=1 500w\" sizes=\"(max-width: 235px) 100vw, 235px\" data-recalc-dims=\"1\" \/><\/a>Evento Presencial de Capacitaci\u00f3n Unix<\/p>\n<h1>Programaci\u00f3n SHELL\/AWK en Unix SCO<\/h1>\n<p>Toda la Informaci\u00f3n de los Pr\u00f3ximos Cursos, fechas y Temarios los puedes ABRIR HACIENDO CLIC AQUI:<\/p>\n<p><a href=\"https:\/\/universidad.mojomexico.mx\/\" rel=\"attachment wp-att-8208\"><img alt=\"\" loading=\"lazy\" decoding=\"async\" data-attachment-id=\"8208\" data-permalink=\"https:\/\/mojomexico.company\/portal\/?attachment_id=8208\" data-orig-file=\"https:\/\/i0.wp.com\/mojomexico.company\/portal\/wp-content\/uploads\/2025\/03\/baner-puzzle500L1.jpg?fit=1100%2C460&amp;ssl=1\" data-orig-size=\"1100,460\" data-comments-opened=\"1\" data-image-meta=\"{&quot;aperture&quot;:&quot;0&quot;,&quot;credit&quot;:&quot;&quot;,&quot;camera&quot;:&quot;&quot;,&quot;caption&quot;:&quot;&quot;,&quot;created_timestamp&quot;:&quot;0&quot;,&quot;copyright&quot;:&quot;&quot;,&quot;focal_length&quot;:&quot;0&quot;,&quot;iso&quot;:&quot;0&quot;,&quot;shutter_speed&quot;:&quot;0&quot;,&quot;title&quot;:&quot;&quot;,&quot;orientation&quot;:&quot;1&quot;}\" data-image-title=\"baner-puzzle500L1\" data-image-description=\"\" data-medium-file=\"https:\/\/i0.wp.com\/mojomexico.company\/portal\/wp-content\/uploads\/2025\/03\/baner-puzzle500L1.jpg?fit=300%2C125&amp;ssl=1\" data-large-file=\"https:\/\/i0.wp.com\/mojomexico.company\/portal\/wp-content\/uploads\/2025\/03\/baner-puzzle500L1.jpg?fit=1024%2C428&amp;ssl=1\" class=\"aligncenter size-full wp-image-8208\" src=\"https:\/\/i0.wp.com\/mojomexico.company\/portal\/wp-content\/uploads\/2025\/03\/baner-puzzle500L1.jpg?resize=1100%2C460&#038;ssl=1\" alt=\"\" width=\"1100\" height=\"460\" srcset=\"https:\/\/i0.wp.com\/mojomexico.company\/portal\/wp-content\/uploads\/2025\/03\/baner-puzzle500L1.jpg?w=1100&amp;ssl=1 1100w, https:\/\/i0.wp.com\/mojomexico.company\/portal\/wp-content\/uploads\/2025\/03\/baner-puzzle500L1.jpg?resize=300%2C125&amp;ssl=1 300w, https:\/\/i0.wp.com\/mojomexico.company\/portal\/wp-content\/uploads\/2025\/03\/baner-puzzle500L1.jpg?resize=1024%2C428&amp;ssl=1 1024w, https:\/\/i0.wp.com\/mojomexico.company\/portal\/wp-content\/uploads\/2025\/03\/baner-puzzle500L1.jpg?resize=768%2C321&amp;ssl=1 768w, https:\/\/i0.wp.com\/mojomexico.company\/portal\/wp-content\/uploads\/2025\/03\/baner-puzzle500L1.jpg?resize=600%2C251&amp;ssl=1 600w, https:\/\/i0.wp.com\/mojomexico.company\/portal\/wp-content\/uploads\/2025\/03\/baner-puzzle500L1.jpg?resize=500%2C209&amp;ssl=1 500w\" sizes=\"(max-width: 1000px) 100vw, 1000px\" data-recalc-dims=\"1\" \/><\/a><\/p>\n","protected":false},"excerpt":{"rendered":"<p>Evento Presencial de Capacitaci\u00f3n Unix Programaci\u00f3n Shell &#8211; Aux para AIX IBM. La fecha del curso est\u00e1 publicada en nuestro Calendario de Cursos de la Universidad Mojom\u00e9xico que deber\u00e1 consultar para conocer las condiciones y eventos proximos Mojomexico.mx<\/p>\n<p>&nbsp;<\/p>\n","protected":false},"featured_media":8213,"template":"","meta":{"saved_in_kubio":false,"_seopress_robots_primary_cat":"none","_seopress_titles_title":"","_seopress_titles_desc":"","_seopress_robots_index":"","spay_email":"","jetpack_publicize_message":""},"class_list":{"0":"post-3718","1":"product","2":"type-product","3":"status-publish","4":"has-post-thumbnail","6":"product_cat-universidad-mojomexico","7":"product_cat-sco-unix-linux","8":"product_tag-awk-unix","9":"product_tag-shell-aix","10":"product_tag-unix-aix-curso","11":"product_tag-unix-sco-curso","12":"product_tag-unix-ux-solaris-curso","14":"first","15":"instock","16":"sale","17":"virtual","18":"taxable","19":"purchasable","20":"product-type-simple"},"jetpack_publicize_connections":[],"jetpack_sharing_enabled":true,"jetpack-related-posts":[],"_links":{"self":[{"href":"https:\/\/mojomexico.company\/portal\/wp-json\/wp\/v2\/product\/3718","targetHints":{"allow":["GET"]}}],"collection":[{"href":"https:\/\/mojomexico.company\/portal\/wp-json\/wp\/v2\/product"}],"about":[{"href":"https:\/\/mojomexico.company\/portal\/wp-json\/wp\/v2\/types\/product"}],"wp:featuredmedia":[{"embeddable":true,"href":"https:\/\/mojomexico.company\/portal\/wp-json\/wp\/v2\/media\/8213"}],"wp:attachment":[{"href":"https:\/\/mojomexico.company\/portal\/wp-json\/wp\/v2\/media?parent=3718"}],"curies":[{"name":"wp","href":"https:\/\/api.w.org\/{rel}","templated":true}]}}