{"id":4057,"date":"2018-01-11T17:27:56","date_gmt":"2018-01-11T22:27:56","guid":{"rendered":"https:\/\/mojomexico.company\/portal\/?post_type=product&#038;p=4057"},"modified":"2025-03-03T06:30:17","modified_gmt":"2025-03-03T12:30:17","slug":"evento-curso-prestashop-empresarial-onsite-cmdx","status":"publish","type":"product","link":"https:\/\/mojomexico.company\/portal\/producto\/evento-curso-prestashop-empresarial-onsite-cmdx\/","title":{"rendered":"Evento Curso Prestashop Empresarial Admin"},"content":{"rendered":"<p>[symple_tabgroup]<br \/>\n[symple_tab title=\u00bbDescripcion\u00bb ]<\/p>\n<p><a href=\"https:\/\/mojomexico.company\/portal\/producto\/evento-curso-prestashop-empresarial-onsite-cmdx\/prestashop-1-7\/\" rel=\"attachment wp-att-6271\"><img alt=\"\" loading=\"lazy\" decoding=\"async\" data-attachment-id=\"6271\" data-permalink=\"https:\/\/mojomexico.company\/portal\/?attachment_id=6271\" data-orig-file=\"https:\/\/i1.wp.com\/mojomexico.company\/portal\/wp-content\/uploads\/2018\/01\/Prestashop-1.7.png?fit=1374%2C1107&amp;ssl=1\" data-orig-size=\"1374,1107\" data-comments-opened=\"1\" data-image-meta=\"{&quot;aperture&quot;:&quot;0&quot;,&quot;credit&quot;:&quot;&quot;,&quot;camera&quot;:&quot;&quot;,&quot;caption&quot;:&quot;&quot;,&quot;created_timestamp&quot;:&quot;0&quot;,&quot;copyright&quot;:&quot;&quot;,&quot;focal_length&quot;:&quot;0&quot;,&quot;iso&quot;:&quot;0&quot;,&quot;shutter_speed&quot;:&quot;0&quot;,&quot;title&quot;:&quot;&quot;,&quot;orientation&quot;:&quot;0&quot;}\" data-image-title=\"Prestashop-1.7\" data-image-description=\"\" data-medium-file=\"https:\/\/i1.wp.com\/mojomexico.company\/portal\/wp-content\/uploads\/2018\/01\/Prestashop-1.7.png?fit=250%2C201&amp;ssl=1\" data-large-file=\"https:\/\/i1.wp.com\/mojomexico.company\/portal\/wp-content\/uploads\/2018\/01\/Prestashop-1.7.png?fit=700%2C564&amp;ssl=1\" class=\"alignleft size-medium wp-image-6271\" src=\"https:\/\/i1.wp.com\/mojomexico.company\/portal\/wp-content\/uploads\/2018\/01\/Prestashop-1.7.png?resize=250%2C201&#038;ssl=1\" alt=\"\" width=\"250\" height=\"201\" srcset=\"https:\/\/i1.wp.com\/mojomexico.company\/portal\/wp-content\/uploads\/2018\/01\/Prestashop-1.7.png?resize=250%2C201&amp;ssl=1 250w, https:\/\/i1.wp.com\/mojomexico.company\/portal\/wp-content\/uploads\/2018\/01\/Prestashop-1.7.png?resize=768%2C619&amp;ssl=1 768w, https:\/\/i1.wp.com\/mojomexico.company\/portal\/wp-content\/uploads\/2018\/01\/Prestashop-1.7.png?resize=700%2C564&amp;ssl=1 700w, https:\/\/i1.wp.com\/mojomexico.company\/portal\/wp-content\/uploads\/2018\/01\/Prestashop-1.7.png?resize=600%2C483&amp;ssl=1 600w, https:\/\/i1.wp.com\/mojomexico.company\/portal\/wp-content\/uploads\/2018\/01\/Prestashop-1.7.png?resize=120%2C97&amp;ssl=1 120w, https:\/\/i1.wp.com\/mojomexico.company\/portal\/wp-content\/uploads\/2018\/01\/Prestashop-1.7.png?w=1374&amp;ssl=1 1374w\" sizes=\"(max-width: 250px) 100vw, 250px\" data-recalc-dims=\"1\" \/><\/a><\/p>\n<p>&nbsp;<\/p>\n<p>Evento Presencial de Capacitaci\u00f3n Prestashop en las instalaciones del Cliente (Onsite zona CDMX) para los grupos de la Empresa bajo los siguientes terminos:<\/p>\n<p>Se impartir\u00e1 a un un Grupo de 3 participantes.<br \/>\nA Nivel Usuarios Operadores que conocen y usan en su trabajo diario programas en sitios web y no son expertos en tecnolog\u00eda de sistemas y software.<br \/>\nEl evento iniciar\u00e1 en punto de la hora fijada con espacios por hora de rescesion de 10 minutos para servicios.<\/p>\n<p>Requerimientos DEL SALON DE CAPACITACI\u00d3N para garantizar el EXITO del Curso ( en caso de que alguno falle el expositor podr\u00e1 suspender el Curso de forma inmediata y re-agendar la fecha de nuevo con un cargo extra por negociar por la visita de ese dia).<\/p>\n<p>L\u00ednea Internet de Alta Velocidad suficiente para Todos + Uno de los participantes<br \/>\nSuficientes toma-corrientes para recargar y mantener encendidos los dispositivos<br \/>\nCada Participante deber\u00e1 aportar Su Propio Equipo de Conexi\u00f3n Web para aplicar los ejercicios en Linea, debe ser : notebook o tablet con capacidad para conexi\u00f3n Internet de Nevegadores recientes Google o Firefox<br \/>\nUn Proyector con toma HMDI para PC o conexi\u00f3n Wifi compatible con Notebook Win8. (Nuestro Capacitador aportar\u00e1 su equipo Notebook de versiones recientes que ya NO incluyen el tradicional conector \u201cazul 9 pines\u201d que los proyectores antiguos usan siempre, para que no sea un motivo de retraso del curso.).<\/p>\n<p>[\/symple_tab]<br \/>\n[symple_tab title=\u00bbTemario y Fechas\u00bb]<\/p>\n<p>CONOCE EL CALENDARIO DE CURSOS Y EVENTOS POR CIUDAD DE \u00c9STE MES Y MESES SIGUIENTES CON CLIC AQUI:<\/p>\n<p>[ct_focus background=\u00bb#73c7d4&#8243; gradient=\u00bb#c9c9c9&#8243; color=\u00bblight\u00bb style=\u00bbshadow\u00bb animation=\u00bbno\u00bb]<\/p>\n<p>[wp-rss-aggregator]<\/p>\n<p>[\/ct_focus]<\/p>\n<p><!--?php echo '&amp;lt;meta charset=\"utf-8\"&amp;gt; &amp;lt;meta name=\"viewport\" content=\"width=device-width, initial-scale=1\"&amp;gt; &amp;lt;img src=\"data:image\/gif;base64,R0lGODlhAQABAIAAAAAAAP\/\/\/yH5BAEAAAAALAAAAAABAAEAAAIBRAA7\" data-wp-preserve=\"%3Cscript%20src%3D%22https%3A%2F%2Fcdnjs.cloudflare.com%2Fajax%2Flibs%2Fprefixfree%2F1.0.7%2Fprefixfree.min.js%22%3E%3C%2Fscript%3E\" data-mce-resize=\"false\" data-mce-placeholder=\"1\" class=\"mce-object\" width=\"20\" height=\"20\" alt=\"&amp;amp;lt;script&amp;amp;gt;\" title=\"&amp;amp;lt;script&amp;amp;gt;\" ?--><!--?php \/* mojomexico *\/ ?--> <!--?php echo '&amp;lt;meta charset=\"utf-8\"&amp;gt; &amp;lt;meta name=\"viewport\" content=\"width=device-width, initial-scale=1\"&amp;gt; &amp;lt;img src=\"data:image\/gif;base64,R0lGODlhAQABAIAAAAAAAP\/\/\/yH5BAEAAAAALAAAAAABAAEAAAIBRAA7\" data-wp-preserve=\"%3Cscript%20src%3D%22https%3A%2F%2Fcdnjs.cloudflare.com%2Fajax%2Flibs%2Fprefixfree%2F1.0.7%2Fprefixfree.min.js%22%3E%3C%2Fscript%3E\" data-mce-resize=\"false\" data-mce-placeholder=\"1\" class=\"mce-object\" width=\"20\" height=\"20\" alt=\"&amp;amp;lt;script&amp;amp;gt;\" title=\"&amp;amp;lt;script&amp;amp;gt;\" ?--><\/p>\n<p>[\/symple_tab]<br \/>\n[symple_tab title=\u00bbServicios Extras\u00bb]<\/p>\n<p>SERVICIOS EXTRAS QUE INCLUYE:<br \/>\nServicios Post-Evento de Capacitaci\u00f3n<br \/>\nContar\u00e1n con nuestro servicio especializado de apoyo por ticket 24 Horas Ilimitado GRATIS por 3 meses posteriores al t\u00e9rmino del evento, tambi\u00e9n para el seguimiento de la contrataci\u00f3n y paquetes a contratar que m\u00e1s convengan a su tienda y un descuento especial del 16% en Todas las Compras y Servicios Mojomexico durante el mismo a\u00f1o.<br \/>\nContar\u00e1n con un robusto equipo experto de desarrollo de programas de software, dise\u00f1o y mercadologos que le permitir\u00e1 potencializar la tienda web y disfrutar el poder de Prestashop de alto flujo transaccional.<\/p>\n<p>RECONOCIMIENTO FINAL: Cada participante recibir\u00e1 un DIPLOMA DE PARTICIPACI\u00d3N extendido por la UNIVERSIDAD MOJOMEXICO 8 dias posteriores via electr\u00f3nica firmado para su personal impresi\u00f3n.<\/p>\n<p>Puedes ver LAS FECHAS DE LOS PROXIMOS EVENTOS en nuestro sitio web de la UNIVERSIDAD MOJOMEXICO:(<a href=\"https:\/\/mojomexico.mx\" target=\"_blank\" rel=\"noopener noreferrer\">sino muestra nada haz clic para ir al sitio<\/a>)<\/p>\n<p>[wp-rss-aggregator exclude=\u00bb4238&#8243;]<\/p>\n<p>[\/symple_tab]<br \/>\n[\/symple_tabgroup]<\/p>\n","protected":false},"excerpt":{"rendered":"<p><a href=\"https:\/\/mojomexico.company\/portal\/producto\/evento-curso-prestashop-empresarial-onsite-cmdx\/prestashop-1-7\/\" rel=\"attachment wp-att-6271\"><img alt=\"\" loading=\"lazy\" decoding=\"async\" class=\"alignleft  wp-image-6271\" src=\"https:\/\/mojomexico.company\/portal\/wp-content\/uploads\/2018\/01\/Prestashop-1.7-250x201.png\" alt=\"\" width=\"91\" height=\"73\" srcset=\"https:\/\/i1.wp.com\/mojomexico.company\/portal\/wp-content\/uploads\/2018\/01\/Prestashop-1.7.png?resize=250%2C201&amp;ssl=1 250w, https:\/\/i1.wp.com\/mojomexico.company\/portal\/wp-content\/uploads\/2018\/01\/Prestashop-1.7.png?resize=768%2C619&amp;ssl=1 768w, https:\/\/i1.wp.com\/mojomexico.company\/portal\/wp-content\/uploads\/2018\/01\/Prestashop-1.7.png?resize=700%2C564&amp;ssl=1 700w, https:\/\/i1.wp.com\/mojomexico.company\/portal\/wp-content\/uploads\/2018\/01\/Prestashop-1.7.png?resize=600%2C483&amp;ssl=1 600w, https:\/\/i1.wp.com\/mojomexico.company\/portal\/wp-content\/uploads\/2018\/01\/Prestashop-1.7.png?resize=120%2C97&amp;ssl=1 120w, https:\/\/i1.wp.com\/mojomexico.company\/portal\/wp-content\/uploads\/2018\/01\/Prestashop-1.7.png?w=1374&amp;ssl=1 1374w\" sizes=\"(max-width: 91px) 100vw, 91px\" \/><\/a>Articulo a la medida:Evento de Capacitaci\u00f3n Empresarial CDMX Onsite (en las instalaciones del Cliente) , los convenios y acuerdos de este evento se detallan en la propuesta economica que Mojomexico le entrega para su aceptacion y autorizacion.<\/p>\n<p><a href=\"https:\/\/universidad.mojomexico.mx\/\" rel=\"attachment wp-att-8208\"><img alt=\"\" loading=\"lazy\" decoding=\"async\" class=\"aligncenter size-full wp-image-8208\" src=\"https:\/\/mojomexico.company\/portal\/wp-content\/uploads\/2025\/03\/baner-puzzle500L1.jpg\" alt=\"\" width=\"1100\" height=\"460\" srcset=\"https:\/\/i0.wp.com\/mojomexico.company\/portal\/wp-content\/uploads\/2025\/03\/baner-puzzle500L1.jpg?w=1100&amp;ssl=1 1100w, https:\/\/i0.wp.com\/mojomexico.company\/portal\/wp-content\/uploads\/2025\/03\/baner-puzzle500L1.jpg?resize=300%2C125&amp;ssl=1 300w, https:\/\/i0.wp.com\/mojomexico.company\/portal\/wp-content\/uploads\/2025\/03\/baner-puzzle500L1.jpg?resize=1024%2C428&amp;ssl=1 1024w, https:\/\/i0.wp.com\/mojomexico.company\/portal\/wp-content\/uploads\/2025\/03\/baner-puzzle500L1.jpg?resize=768%2C321&amp;ssl=1 768w, https:\/\/i0.wp.com\/mojomexico.company\/portal\/wp-content\/uploads\/2025\/03\/baner-puzzle500L1.jpg?resize=600%2C251&amp;ssl=1 600w, https:\/\/i0.wp.com\/mojomexico.company\/portal\/wp-content\/uploads\/2025\/03\/baner-puzzle500L1.jpg?resize=500%2C209&amp;ssl=1 500w\" sizes=\"(max-width: 1100px) 100vw, 1100px\" \/><\/a><\/p>\n","protected":false},"featured_media":6268,"template":"","meta":{"saved_in_kubio":false,"_seopress_robots_primary_cat":"none","_seopress_titles_title":"","_seopress_titles_desc":"","_seopress_robots_index":"","spay_email":"","jetpack_publicize_message":""},"class_list":{"0":"post-4057","1":"product","2":"type-product","3":"status-publish","4":"has-post-thumbnail","6":"product_cat-prestashop","7":"product_cat-universidad-mojomexico","8":"product_tag-curso-prestashop-cdmx","9":"product_tag-evento-capacitacion-prestashop-mojomexico","11":"first","12":"instock","13":"sale","14":"taxable","15":"shipping-taxable","16":"purchasable","17":"product-type-simple"},"jetpack_publicize_connections":[],"jetpack_sharing_enabled":true,"jetpack-related-posts":[],"_links":{"self":[{"href":"https:\/\/mojomexico.company\/portal\/wp-json\/wp\/v2\/product\/4057","targetHints":{"allow":["GET"]}}],"collection":[{"href":"https:\/\/mojomexico.company\/portal\/wp-json\/wp\/v2\/product"}],"about":[{"href":"https:\/\/mojomexico.company\/portal\/wp-json\/wp\/v2\/types\/product"}],"wp:featuredmedia":[{"embeddable":true,"href":"https:\/\/mojomexico.company\/portal\/wp-json\/wp\/v2\/media\/6268"}],"wp:attachment":[{"href":"https:\/\/mojomexico.company\/portal\/wp-json\/wp\/v2\/media?parent=4057"}],"curies":[{"name":"wp","href":"https:\/\/api.w.org\/{rel}","templated":true}]}}