{"id":6500,"date":"2020-07-17T10:26:31","date_gmt":"2020-07-17T15:26:31","guid":{"rendered":""},"modified":"2020-09-22T13:48:46","modified_gmt":"2020-09-22T18:48:46","slug":"servicio-extra-conexion-sae-tienda-web","status":"publish","type":"product","link":"https:\/\/mojomexico.company\/portal\/producto\/servicio-extra-conexion-sae-tienda-web\/","title":{"rendered":"Servicio extra conexion Sae-Tienda web"},"content":{"rendered":"<p><a href=\"https:\/\/mojomexico.company\/portal\/producto\/servicio-extra-conexion-sae-tienda-web\/caja-gratis-20\/\" rel=\"attachment wp-att-6501\"><img alt=\"\" loading=\"lazy\" decoding=\"async\" data-attachment-id=\"6501\" data-permalink=\"https:\/\/mojomexico.company\/portal\/?attachment_id=6501\" data-orig-file=\"https:\/\/i1.wp.com\/mojomexico.company\/portal\/wp-content\/uploads\/2020\/07\/caja-gratis-20.png?fit=369%2C395&amp;ssl=1\" data-orig-size=\"369,395\" data-comments-opened=\"1\" data-image-meta=\"{&quot;aperture&quot;:&quot;0&quot;,&quot;credit&quot;:&quot;&quot;,&quot;camera&quot;:&quot;&quot;,&quot;caption&quot;:&quot;&quot;,&quot;created_timestamp&quot;:&quot;0&quot;,&quot;copyright&quot;:&quot;&quot;,&quot;focal_length&quot;:&quot;0&quot;,&quot;iso&quot;:&quot;0&quot;,&quot;shutter_speed&quot;:&quot;0&quot;,&quot;title&quot;:&quot;&quot;,&quot;orientation&quot;:&quot;0&quot;}\" data-image-title=\"caja-gratis-20\" data-image-description=\"\" data-medium-file=\"https:\/\/i1.wp.com\/mojomexico.company\/portal\/wp-content\/uploads\/2020\/07\/caja-gratis-20.png?fit=250%2C268&amp;ssl=1\" data-large-file=\"https:\/\/i1.wp.com\/mojomexico.company\/portal\/wp-content\/uploads\/2020\/07\/caja-gratis-20.png?fit=369%2C395&amp;ssl=1\" class=\"alignleft size-full wp-image-6501\" src=\"https:\/\/i1.wp.com\/mojomexico.company\/portal\/wp-content\/uploads\/2020\/07\/caja-gratis-20.png?resize=369%2C395&#038;ssl=1\" alt=\"\" width=\"369\" height=\"395\" srcset=\"https:\/\/i1.wp.com\/mojomexico.company\/portal\/wp-content\/uploads\/2020\/07\/caja-gratis-20.png?w=369&amp;ssl=1 369w, https:\/\/i1.wp.com\/mojomexico.company\/portal\/wp-content\/uploads\/2020\/07\/caja-gratis-20.png?resize=250%2C268&amp;ssl=1 250w, https:\/\/i1.wp.com\/mojomexico.company\/portal\/wp-content\/uploads\/2020\/07\/caja-gratis-20.png?resize=120%2C128&amp;ssl=1 120w\" sizes=\"(max-width: 369px) 100vw, 369px\" data-recalc-dims=\"1\" \/><\/a>Servicio extra de atencion remota para integrar los servicios Windows-IIS a la conexi\u00f3n SaeWeb Mojomexico. Servicio por evento por Tienda Web<\/p>\n<p>&nbsp;<\/p>\n","protected":false},"excerpt":{"rendered":"<p><a href=\"https:\/\/mojomexico.company\/portal\/?attachment_id=6501\" rel=\"attachment wp-att-6501\"><img alt=\"\" loading=\"lazy\" decoding=\"async\" class=\"alignleft size-full wp-image-6501\" src=\"https:\/\/mojomexico.company\/portal\/wp-content\/uploads\/2020\/07\/caja-gratis-20.png\" alt=\"\" width=\"369\" height=\"395\" srcset=\"https:\/\/i1.wp.com\/mojomexico.company\/portal\/wp-content\/uploads\/2020\/07\/caja-gratis-20.png?w=369&amp;ssl=1 369w, https:\/\/i1.wp.com\/mojomexico.company\/portal\/wp-content\/uploads\/2020\/07\/caja-gratis-20.png?resize=250%2C268&amp;ssl=1 250w, https:\/\/i1.wp.com\/mojomexico.company\/portal\/wp-content\/uploads\/2020\/07\/caja-gratis-20.png?resize=120%2C128&amp;ssl=1 120w\" sizes=\"(max-width: 369px) 100vw, 369px\" \/><\/a><\/p>\n<p>Servicio extra de atencion remota para integrar los servicios Windows-IIS a la conexi\u00f3n SaeWeb Mojomexico. Servicio por evento por Tienda Web , este servicio requiere de que el ambiente WIndow-IIS est\u00e9 perfectamente sincronizado en caso de requerir soliciones extras de conflictos por los servicios windows, ser\u00e1 necesario invertir otros recursos tecnicos con cargo extra hasta lograr la integraci\u00f3n solo por el personal de Mojomexico ya sea de forma remota o en sitio.Este servicio es por Modulo-SaeWeb Mojomexico<\/p>\n","protected":false},"featured_media":6501,"template":"","meta":{"saved_in_kubio":false,"_seopress_robots_primary_cat":"","_seopress_titles_title":"","_seopress_titles_desc":"","_seopress_robots_index":"","spay_email":"","jetpack_publicize_message":""},"class_list":{"0":"post-6500","1":"product","2":"type-product","3":"status-publish","4":"has-post-thumbnail","6":"product_cat-soporte-tecnico-horas-de-programacion","7":"product_tag-aspel","8":"product_tag-coi","9":"product_tag-noi","10":"product_tag-sae","11":"product_tag-soporte-intelisis","12":"product_tag-soporte-microsip","13":"product_tag-soporte-sae","15":"first","16":"instock","17":"taxable","18":"shipping-taxable","19":"purchasable","20":"product-type-variable"},"jetpack_publicize_connections":[],"jetpack_sharing_enabled":true,"jetpack-related-posts":[],"_links":{"self":[{"href":"https:\/\/mojomexico.company\/portal\/wp-json\/wp\/v2\/product\/6500","targetHints":{"allow":["GET"]}}],"collection":[{"href":"https:\/\/mojomexico.company\/portal\/wp-json\/wp\/v2\/product"}],"about":[{"href":"https:\/\/mojomexico.company\/portal\/wp-json\/wp\/v2\/types\/product"}],"wp:featuredmedia":[{"embeddable":true,"href":"https:\/\/mojomexico.company\/portal\/wp-json\/wp\/v2\/media\/6501"}],"wp:attachment":[{"href":"https:\/\/mojomexico.company\/portal\/wp-json\/wp\/v2\/media?parent=6500"}],"curies":[{"name":"wp","href":"https:\/\/api.w.org\/{rel}","templated":true}]}}